st the prime factors of 39842.
2, 11, 1811
List the prime factors of 84008.
2, 10501
What are the prime factors of 1715?
5, 7
What are the prime factors of 2321?
11, 211
List the prime factors of 760.
2, 5, 19
What are the prime factors of 532?
2, 7, 19
List the prime factors of 4891.
67, 73
List the prime factors of 6933.
3, 2311
List the prime factors of 13248.
2, 3, 23
List the prime factors of 63282.
2, 3, 53, 199
List the prime factors of 696.
2, 3, 29
List the prime factors of 1098.
2, 3, 61
What are the prime factors of 2283?
3, 761
List the prime factors of 55706.
2, 7, 23, 173
What are the prime factors of 1830?
2, 3, 5, 61
What are the prime factors of 89747?
7, 12821
What are the prime factors of 44583?
3, 7, 11, 193
List the prime factors of 1739.
37, 47
List the prime factors of 28301.
7, 13, 311
What are the prime factors of 661?
661
What are the prime factors of 15052?
2, 53, 71
What are the prime factors of 909?
3, 101
What are the prime factors of 10079?
10079
List the prime factors of 2188.
2, 547
What are the prime factors of 18?
2, 3
What are the prime factors of 30342?
2, 3, 13, 389
List the prime factors of 1964.
2, 491
List the prime factors of 141761.
141761
What are the prime factors of 421?
421
List the prime factors of 14262.
2, 3, 2377
List the prime factors of 12983.
12983
List the prime factors of 1653.
3, 19, 29
What are the prime factors of 131?
131
List the prime factors of 2837.
2837
List the prime factors of 94364.
2, 31, 761
List the prime factors of 982.
2, 491
What are the prime factors of 7218?
2, 3, 401
What are the prime factors of 64162?
2, 7, 4583
List the prime factors of 1972.
2, 17, 29
List the prime factors of 964.
2, 241
What are the prime factors of 4585?
5, 7, 131
What are the prime factors of 14?
2, 7
What are the prime factors of 5799?
3, 1933
What are the prime factors of 1442?
2, 7, 103
What are the prime factors of 138842?
2, 11, 6311
List the prime factors of 28900.
2, 5, 17
What are the prime factors of 2168?
2, 271
List the prime factors of 392.
2, 7
What are the prime factors of 890?
2, 5, 89
What are the prime factors of 1855?
5, 7, 53
List the prime factors of 3157.
7, 11, 41
List the prime factors of 33557.
23, 1459
List the prime factors of 34861.
71, 491
What are the prime factors of 7876?
2, 11, 179
List the prime factors of 5279.
5279
What are the prime factors of 76679?
76679
List the prime factors of 106779.
3, 35593
List the prime factors of 540.
2, 3, 5
List the prime factors of 1882.
2, 941
List the prime factors of 6333.
3, 2111
What are the prime factors of 31268?
2, 7817
List the prime factors of 1894.
2, 947
List the prime factors of 37312.
2, 11, 53
List the prime factors of 29007.
3, 11, 293
What are the prime factors of 92087?
71, 1297
What are the prime factors of 1772?
2, 443
What are the prime factors of 101971?
107, 953
What are the prime factors of 976?
2, 61
List the prime factors of 8451.
3, 313
List the prime factors of 20784.
2, 3, 433
List the prime factors of 1742.
2, 13, 67
What are the prime factors of 7045?
5, 1409
List the prime factors of 2991.
3, 997
List the prime factors of 6575.
5, 263
List the prime factors of 4823.
7, 13, 53
What are the prime factors of 2290?
2, 5, 229
What are the prime factors of 19619?
23, 853
List the prime factors of 13388.
2, 3347
What are the prime factors of 2155?
5, 431
List the prime factors of 4407.
3, 13, 113
List the prime factors of 32054.
2, 11, 31, 47
What are the prime factors of 50074?
2, 25037
What are the prime factors of 20071?
20071
What are the prime factors of 5907?
3, 11, 179
What are the prime factors of 49333?
49333
What are the prime factors of 6984?
2, 3, 97
What are the prime factors of 1927?
41, 47
What are the prime factors of 481?
13, 37
What are the prime factors of 73578?
2, 3, 12263
What are the prime factors of 15948?
2, 3, 443
What are the prime factors of 65203?
65203
What are the prime factors of 5945?
5, 29, 41
List the prime factors of 28935.
3, 5, 643
What are the prime factors of 4073?
4073
What are the prime factors of 13507?
13, 1039
What are the prime factors of 87575?
5, 31, 113
What are the prime factors of 22391?
22391
List the prime factors of 583.
11, 53
What are the prime factors of 16426?
2, 43, 191
List the prime factors of 1394.
2, 17, 41
List the prime factors of 1940.
2, 5, 97
What are the prime factors of 6582?
2, 3, 1097
List the prime factors of 884.
2, 13, 17
List the prime factors of 68886.
2, 3, 43, 89
List the prime factors of 44588.
2, 71, 157
What are the prime factors of 1123?
1123
List the prime factors of 8303.
19, 23
What are the prime factors of 9170?
2, 5, 7, 131
What are the prime factors of 5744?
2, 359
List the prime factors of 35438.
2, 13, 29, 47
List the prime factors of 1001.
7, 11, 13
List the prime factors of 4910.
2, 5, 491
What are the prime factors of 2815?
5, 563
List the prime factors of 752.
2, 47
List the prime factors of 294.
2, 3, 7
What are the prime factors of 32591?
13, 23, 109
What are the prime factors of 1264?
2, 79
What are the prime factors of 89545?
5, 17909
List the prime factors of 610.
2, 5, 61
List the prime factors of 1711.
29, 59
List the prime factors of 9969.
3, 3323
What are the prime factors of 90006?
2, 3, 7, 2143
List the prime factors of 6796.
2, 1699
List the prime factors of 1067.
11, 97
List the prime factors of 33470.
2, 5, 3347
List the prime factors of 38237.
38237
What are the prime factors of 10868?
2, 11, 13, 19
What are the prime factors of 6229?
6229
What are the prime factors of 3162?
2, 3, 17, 31
List the prime factors of 35800.
2, 5, 179
List the prime factors of 36261.
3, 17, 79
What are the prime factors of 16810?
2, 5, 41
What are the prime factors of 29213?
131, 223
What are the prime factors of 179001?
3, 19889
What are the prime factors of 6647?
17, 23
What are the prime factors of 1621?
1621
List the prime factors of 1534.
2, 13, 59
What are the prime factors of 36806?
2, 7, 11, 239
List the prime factors of 54670.
2, 5, 7, 11, 71
List the prime factors of 1243.
11, 113
List the prime factors of 2047.
23, 89
List the prime factors of 8593.
13, 661
What are the prime factors of 4593?
3, 1531
What are the prime factors of 419?
419
What are the prime factors of 129?
3, 43
What are the prime factors of 3636?
2, 3, 101
What are the prime factors of 55817?
55817
List the prime factors of 7573.
7573
What are the prime factors of 118441?
83, 1427
What are the prime factors of 19326?
2, 3, 3221
List the prime factors of 13516.
2, 31, 109
List the prime factors of 238.
2, 7, 17
List the prime factors of 1395.
3, 5, 31
What are the prime factors of 5544?
2, 3, 7, 11
What are the prime factors of 38160?
2, 3, 5, 53
List the prime factors of 250.
2, 5
List the prime factors of 11972.
2, 41, 73
What are the prime factors of 8775?
3, 5, 13
List the prime factors of 62688.
2, 3, 653
List the prime factors of 9172.
2, 2293
List the prime factors of 29507.
19, 1553
What are the prime factors of 7297?
7297
List the prime factors of 29664.
2, 3, 103
What are the prime factors of 155?
5, 31
List the prime factors of 5580.
2, 3, 5, 31
List the prime factors of 3239.
41, 79
What are the prime factors of 6410?
2, 5, 641
List the prime factors of 47544.
2, 3, 7, 283
What are the prime factors of 16857?
3, 1873
List the prime factors of 9970.
2, 5, 997
List the prime factors of 383.
383
What are the prime factors of 136?
2, 17
List the prime factors of 810.
2, 3, 5
List the prime factors of 2563.
11, 233
What are the prime factors of 93976?
2, 17, 691
List the prime factors of 1464.
2, 3, 61
What are the prime factors of 2695?
5, 7, 11
List the prime factors of 1264.
2, 79
List the prime factors of 5069.
37, 137
What are the prime factors of 27656?
2, 3457
What are the prime factors of 5106?
2, 3, 23, 37
List the prime factors of 1119.
3, 373
What are the prime factors of 2473?
2473
What are the prime factors of 1834?
2, 7, 131
What are the prime factors of 3746?
2, 1873
List the prime factors of 5992.
2, 7, 107
List the prime factors of 699.
3, 233
List the prime factors of 14010.
2, 3, 5, 467
What are the prime factors of 6307?
7, 17, 53
List the prime factors of 14219.
59, 241
What are the prime factors of 3774?
2